se 16?
7
What is 2 (base 15) in base 12?
2
Convert -3 (base 11) to base 9.
-3
What is -3 (base 8) in base 2?
-11
What is 4 (base 14) in base 13?
4
What is -1011 (base 2) in base 7?
-14
7 (base 10) to base 5
12
5 (base 7) to base 8
5
62 (base 7) to base 10
44
What is -240 (base 8) in base 4?
-2200
What is -1 (base 6) in base 16?
-1
What is -110 (base 2) in base 13?
-6
What is -43 (base 16) in base 11?
-61
Convert 5 (base 7) to base 15.
5
-1001 (base 4) to base 10
-65
What is 146 (base 10) in base 14?
a6
-3 (base 13) to base 3
-10
What is -22 (base 4) in base 14?
-a
Convert 0 (base 5) to base 16.
0
What is -1000 (base 2) in base 8?
-10
-101 (base 4) to base 7
-23
Convert 212 (base 3) to base 13.
1a
4b (base 15) to base 10
71
What is 74 (base 9) in base 10?
67
Convert 6 (base 10) to base 16.
6
What is 1 (base 6) in base 3?
1
Convert 12222 (base 3) to base 5.
1121
14 (base 13) to base 7
23
Convert -223 (base 11) to base 16.
-10b
What is -1111 (base 3) in base 2?
-101000
-10 (base 13) to base 14
-d
What is -4 (base 5) in base 4?
-10
-202 (base 5) to base 13
-40
What is 1010 (base 4) in base 12?
58
What is -22 (base 5) in base 14?
-c
Convert -1 (base 2) to base 3.
-1
Convert 0 (base 9) to base 5.
0
2 (base 13) to base 5
2
What is 4 (base 5) in base 6?
4
What is 2 (base 8) in base 11?
2
Convert -8 (base 11) to base 5.
-13
-4e (base 16) to base 10
-78
Convert 12 (base 11) to base 12.
11
What is -11 (base 2) in base 11?
-3
What is -10221 (base 3) in base 10?
-106
-53 (base 7) to base 6
-102
Convert 2 (base 7) to base 15.
2
Convert -d (base 16) to base 12.
-11
Convert -21 (base 3) to base 10.
-7
What is -e3 (base 16) in base 6?
-1015
Convert 3 (base 7) to base 4.
3
-11 (base 9) to base 11
-a
What is 0 (base 15) in base 8?
0
Convert -10 (base 9) to base 15.
-9
What is -1031 (base 6) in base 16?
-eb
What is 3 (base 10) in base 6?
3
Convert -201 (base 4) to base 3.
-1020
What is -12 (base 4) in base 9?
-6
3 (base 15) to base 10
3
-126 (base 10) to base 3
-11200
Convert 12 (base 3) to base 4.
11
What is 7 (base 15) in base 14?
7
What is 16 (base 11) in base 15?
12
Convert 66 (base 8) to base 11.
4a
What is 41 (base 11) in base 7?
63
Convert 232 (base 8) to base 13.
bb
Convert -c (base 14) to base 5.
-22
What is ac (base 15) in base 13?
c6
16 (base 8) to base 15
e
Convert -3 (base 7) to base 12.
-3
Convert -3 (base 10) to base 5.
-3
Convert -70 (base 14) to base 6.
-242
What is 100 (base 3) in base 16?
9
-7 (base 14) to base 10
-7
What is -20101 (base 3) in base 15?
-b7
20 (base 4) to base 11
8
What is -107 (base 8) in base 15?
-4b
What is -59 (base 15) in base 9?
-103
What is 12 (base 9) in base 13?
b
63 (base 8) to base 13
3c
What is 531 (base 6) in base 15?
d4
What is 56 (base 12) in base 8?
102
Convert -11 (base 4) to base 9.
-5
1010 (base 2) to base 8
12
What is -6 (base 7) in base 6?
-10
-4 (base 8) to base 14
-4
30 (base 14) to base 8
52
What is -1 (base 2) in base 13?
-1
-1 (base 12) to base 2
-1
-15 (base 9) to base 15
-e
0 (base 3) to base 7
0
11 (base 11) to base 14
c
What is 63 (base 11) in base 13?
54
What is 1 (base 14) in base 15?
1
-1100111 (base 2) to base 6
-251
Convert -13 (base 9) to base 12.
-10
What is -264 (base 8) in base 9?
-220
What is 6c (base 16) in base 6?
300
Convert 1b (base 12) to base 10.
23
Convert 150 (base 9) to base 11.
105
-34 (base 5) to base 14
-15
What is -2 (base 4) in base 11?
-2
Convert -2 (base 13) to base 7.
-2
What is 2 (base 10) in base 16?
2
2 (base 12) to base 7
2
What is -13 (base 5) in base 13?
-8
-14 (base 12) to base 9
-17
What is 3 (base 12) in base 4?
3
Convert 3110 (base 4) to base 9.
255
123 (base 9) to base 8
146
What is 11 (base 7) in base 13?
8
Convert -3 (base 7) to base 2.
-11
Convert -16 (base 8) to base 12.
-12
Convert 1112 (base 3) to base 12.
35
Convert -100 (base 2) to base 8.
-4
What is 1 (base 13) in base 8?
1
Convert -110 (base 4) to base 8.
-24
13 (base 15) to base 3
200
What is 3 (base 8) in base 11?
3
0 (base 10) to base 7
0
Convert 22 (base 5) to base 11.
11
Convert 10 (base 12) to base 3.
110
Convert -1b (base 16) to base 7.
-36
4 (base 6) to base 2
100
3 (base 12) to base 11
3
Convert -335 (base 7) to base 8.
-255
What is -63 (base 10) in base 3?
-2100
What is -1b (base 16) in base 13?
-21
What is -112 (base 5) in base 16?
-20
What is -1 (base 14) in base 4?
-1
-4 (base 6) to base 9
-4
Convert 65 (base 16) to base 11.
92
14 (base 5) to base 10
9
Convert -22120 (base 3) to base 14.
-127
-1011001 (base 2) to base 9
-108
10 (base 10) to base 5
20
What is 34 (base 13) in base 14?
31
-3 (base 15) to base 16
-3
What is 31 (base 10) in base 9?
34
-1411 (base 5) to base 9
-276
3b (base 15) to base 4
320
What is 0 (base 12) in base 2?
0
What is 0 (base 13) in base 9?
0
2 (base 5) to base 13
2
What is 38 (base 10) in base 12?
32
Convert 0 (base 15) to base 3.
0
Convert 24 (base 6) to base 11.
15
Convert 1 (base 6) to base 8.
1
Convert 3001 (base 4) to base 16.
c1
What is -a (base 13) in base 12?
-a
What is 22 (base 4) in base 8?
12
What is -133 (base 9) in base 15?
-76
13 (base 11) to base 10
14
What is -1 (base 9) in base 13?
-1
What is 7 (base 11) in base 15?
7
Convert 1 (base 13) to base 11.
1
Convert -144 (base 8) to base 4.
-1210
43 (base 10) to base 5
133
What is 10110001 (base 2) in base 12?
129
Convert -6 (base 14) to base 2.
-110
Convert 41 (base 15) to base 9.
67
Convert -46 (base 11) to base 10.
-50
-2b (base 16) to base 10
-43
34 (base 10) to base 9
37
What is -3 (base 11) in base 10?
-3
321 (base 6) to base 15
81
-2 (base 8) to base 14
-2
What is -21 (base 3) in base 4?
-13
What is d (base 15) in base 14?
d
Convert 111 (base 2) to base 4.
13
Convert -10 (base 16) to base 14.
-12
-2 (base 3) to base 11
-2
-363 (base 7) to base 5
-1232
What is 2022 (base 3) in base 16?
3e
-131 (base 14) to base 13
-155
Convert 1 (base 13) to base 14.
1
Convert -4 (base 16) to base 11.
-4
What is 44 (base 10) in base 9?
48
Convert 32 (base 12) to base 6.
102
What is -1133 (base 4) in base 10?
-95
What is 2a (base 14) in base 8?
46
Convert 15 (base 9) to base 8.
16
40 (base 5) to base 6
32
Convert 4 (base 13) to base 2.
100
0 (base 5) to base 8
0
10020 (base 3) to base 15
5c
Convert -4 (base 10) to base 7.
-4
What is 361 (base 7) in base 6?
514
Convert -132 (base 5) to base 16.
-2a
Convert -2 (base 3) to base 9.
-2
What is -218 (base 11) in base 10?
-261
Convert 6 (base 7) to base 12.
6
What is b (base 15) in base 5?
21
What is -4 (base 13) in base 8?
-4
Convert -2222 (base 3) to base 10.
-80
What is -3 (base 9) in base 14?
-3
-23 (base 10) to base 15
-18
Convert 0 (base 16) to base 14.
0
1110 (base 3) to base 9
43
What is -130 (base 14) in base 5?
-1423
What is -2 (base 10) in base 9?
-2
Convert 142 (base 5) to base 8.
57
Convert -161 (base 9) to base 12.
-b4
Convert -41 (base 6) to base 16.
-19
Convert 2e (base 15) to base 11.
40
What is 4 (base 11) in base 4?
10
-33 (base 9) to base 6
-50
Convert -111110 (base 2) to base 13.
-4a
Convert 40 (base 16) to base 7.
121
-1 (base 9) to base 4
-1
What is b8 (base 12) in base 9?
165
What is -12 (base 12) in base 6?
-22
-185 (base 11) to base 2
-11010110
Convert 4 (base 9) to base 12.
4
What is 320 (base 4) in base 10?
56
Convert 24 (base 5) to base 16.
e
Convert 4 (base 5) to base 8.
4
-4 (base 6) to base 3
-11
What is 0 (base 5) in base 7?
0
19 (base 13) to base 11
20
Convert -218 (base 9) to base 5.
-1204
21 (base 5) to base 14
b
What is -1b (base 15) in base 10?
-26
What is 2 (base 3) in base 4?
2
1 (base 12) to base 7
1
What is 234 (base 5) in base 2?
1000101
-1 (base 10) to base 16
-1
4 (base 6) to base 14
4
What is -1 (base 11) in base 15?
-1
-22 (base 7) to base 3
-121
Convert 11100011 (base 2) to base 10.
227
What is 110 (base 5) in base 9?
33
What is 30 (base 10) in base 8?
36
What is -a3 (base 14) in base 16?
-8f
Convert -310 (base 4) to base 16.
-34
Convert 3 (base 9) to base 6.
3
What is 10202 (base 3) in base 13?
7a
Convert -3 (base 10) to base 8.
-3
What is -35 (base 6) in base 5?
-43
What is 35 (base 14) in base 6?
115
Convert 326 (base 11) to base 9.
474
What is a (base 15) in base 4?
22
What is 0 (base 6) in base 7?
0
Convert -1 (base 7) to base 16.
-1
100 (base 2) to base 5
4
Convert -21 (base 9) to base 15.
-14
Convert -51 (base 13)